In base 10, what is 16 - 132?
-116
In base 11, what is 1011 - 3?
1009
In base 15, what is -a - d?
-18
In base 11, what is -2 - -72?
70
In base 9, what is 145 + -13?
132
In base 15, what is -4b - 3?
-4e
In base 16, what is 1f6b - 0?
1f6b
In base 14, what is -1 + -71?
-72
In base 3, what is -1110011 + 111?
-1102200
In base 10, what is -5 - 233?
-238
In base 16, what is -2 + 512?
510
In base 5, what is 2 - -1141?
1143
In base 10, what is -564 - -4?
-560
In base 11, what is -16432 - -2?
-16430
In base 10, what is -9 + 20?
11
In base 16, what is -4 + -33?
-37
In base 12, what is 17bb + 1?
1800
In base 12, what is 1 - -24a?
24b
In base 2, what is -110000 - 1?
-110001
In base 4, what is -31323 + -100?
-32023
In base 3, what is 1 + 12011202?
12011210
In base 9, what is -285 + -3?
-288
In base 5, what is -130 + -12?
-142
In base 15, what is 3 + 31?
34
In base 4, what is 132110 + 0?
132110
In base 14, what is -698 - 3?
-69b
In base 9, what is 145 - -1?
146
In base 16, what is 39 - 3?
36
In base 9, what is 154 + 53?
217
In base 7, what is 0 - -2?
2
In base 5, what is 2 - -30?
32
In base 15, what is 25 + -1?
24
In base 6, what is -4 + 324?
320
In base 13, what is 13 + 13?
26
In base 13, what is 29c + -14?
288
In base 2, what is 101 - 1000111?
-1000010
In base 7, what is 5 - 3263?
-3255
In base 3, what is -1 + 210?
202
In base 12, what is -2 - -1536?
1534
In base 13, what is -94 + 2?
-92
In base 16, what is -3 + -45?
-48
In base 8, what is -4 - -33?
27
In base 7, what is -12302 - 4?
-12306
In base 12, what is -3 + a?
7
In base 4, what is -33 + 13211?
13112
In base 8, what is -52 + 74?
22
In base 3, what is 110 + 20?
200
In base 10, what is -28 - 1?
-29
In base 12, what is 2 - 5b4?
-5b2
In base 14, what is c05 - -1?
c06
In base 3, what is -22 + -1000?
-1022
In base 4, what is -2010 - 123?
-2133
In base 13, what is 78 + 9?
84
In base 16, what is -d - 52?
-5f
In base 3, what is 121012 - 2?
121010
In base 8, what is -120 + 277?
157
In base 15, what is 2 - 5b8?
-5b6
In base 14, what is -21 - 18?
-39
In base 15, what is -46 + 6?
-40
In base 7, what is -320 - -6?
-311
In base 12, what is -1 + -309?
-30a
In base 4, what is -103 - 11?
-120
In base 8, what is 1 + -71?
-70
In base 14, what is -4 - 1b2?
-1b6
In base 15, what is 335 - 5?
330
In base 5, what is -13033 + 2?
-13031
In base 8, what is -214 - 5?
-221
In base 15, what is 1 - -a?
b
In base 10, what is 29735 + -2?
29733
In base 16, what is 3 + 18?
1b
In base 2, what is 1000100100 - 10?
1000100010
In base 9, what is 25437 - -1?
25438
In base 14, what is 1125 - 0?
1125
In base 12, what is 27 + b1?
118
In base 11, what is -64 - 5?
-69
In base 5, what is -31430 - 2?
-31432
In base 16, what is 630 - -4?
634
In base 5, what is -122 - -1304?
1132
In base 15, what is 41 - 7?
39
In base 16, what is -2e2b + -2?
-2e2d
In base 10, what is 3 + 46?
49
In base 16, what is 5 + -a7?
-a2
In base 7, what is 3410 + -1?
3406
In base 5, what is -41 + -23?
-114
In base 7, what is 0 + 221?
221
In base 4, what is 2 + 321?
323
In base 11, what is -84 + -4?
-88
In base 16, what is -10c - 2?
-10e
In base 10, what is -2 - -825?
823
In base 3, what is 101 + -102?
-1
In base 12, what is 0 + 794?
794
In base 12, what is 8b - 8?
83
In base 11, what is -75 + 12?
-63
In base 2, what is 110 - 10111001?
-10110011
In base 5, what is -22 + 100?
23
In base 4, what is 11 - -2002?
2013
In base 15, what is 6 - -bc?
c3
In base 11, what is 1 - 107?
-106
In base 6, what is 12 - 3?
5
In base 10, what is 35 + 5?
40
In base 10, what is -74 - 4?
-78
In base 16, what is 18 - 5?
13
In base 15, what is -18 + 1c?
4
In base 4, what is 2 + 123?
131
In base 9, what is -3 - 114?
-117
In base 7, what is -311 + -4?
-315
In base 13, what is -33 + 195?
162
In base 8, what is -3 + -57?
-62
In base 10, what is -1315 + -6?
-1321
In base 7, what is -135 - 1?
-136
In base 16, what is -2 - 118?
-11a
In base 12, what is 137 - -4?
13b
In base 4, what is 122200 - -11?
122211
In base 2, what is -1000011000100 + 11?
-1000011000001
In base 10, what is 15 + 0?
15
In base 6, what is -1154 + -12?
-1210
In base 9, what is -2784 + 4?
-2780
In base 9, what is 7 + -3051?
-3043
In base 8, what is 11442 - -2?
11444
In base 10, what is -4 + 7?
3
In base 11, what is 97 - 1?
96
In base 4, what is -121 - -2?
-113
In base 5, what is 32 + -224?
-142
In base 7, what is -5 - -1123?
1115
In base 6, what is 132 + -10?
122
In base 9, what is 1177 - -12?
1200
In base 7, what is 3 - 63?
-60
In base 5, what is 3 + -131132?
-131124
In base 4, what is -200 - -10?
-130
In base 6, what is 353 - -243?
1040
In base 16, what is 3fe - -4?
402
In base 3, what is -10122 - -2?
-10120
In base 11, what is -762 + -4?
-766
In base 7, what is -6 - -11121?
11112
In base 15, what is 377c - 4?
3778
In base 10, what is 1718 + -5?
1713
In base 15, what is -38 + -c?
-45
In base 6, what is -2 + -301?
-303
In base 5, what is 1213 + 22?
1240
In base 16, what is -7c - 0?
-7c
In base 16, what is -25 + -25?
-4a
In base 3, what is 12 - 1122112?
-1122100
In base 16, what is -1b2 - -10?
-1a2
In base 13, what is -127a + 4?
-1276
In base 11, what is 1190 - -2?
1192
In base 16, what is de - 11?
cd
In base 13, what is -8 - -4b?
43
In base 2, what is 101 - -110001?
110110
In base 5, what is 2004 - -4?
2013
In base 15, what is -9 - -4b?
42
In base 12, what is 11a + -14?
106
In base 2, what is 10000110101 - -11?
10000111000
In base 13, what is 3 - 47?
-44
In base 8, what is 10 - 16?
-6
In base 16, what is -21 - b?
-2c
In base 5, what is 2 - 2033?
-2031
In base 6, what is -4 - 20?
-24
In base 14, what is 2 - 79?
-77
In base 14, what is -612 + -5?
-617
In base 12, what is -1499 - -2?
-1497
In base 16, what is -f4 + 2?
-f2
In base 9, what is -17 - -18?
1
In base 2, what is -1000111 + -11000?
-1011111
In base 13, what is 0 + 376?
376
In base 10, what is -3 + -730?
-733
In base 12, what is 5 - -130?
135
In base 2, what is -1 + -10001010?
-10001011
In base 16, what is -4 + -17c5?
-17c9
In base 2, what is -10 - -111000111?
111000101
In base 5, what is -110 - 1232?
-1342
In base 12, what is -b8b + -1a?
-ba9
In base 14, what is 4 - a0?
-9a
In base 9, what is 3 + 105?
108
In base 4, what is 3 + -133301?
-133232
In base 6, what is 31 + -2403?
-2332
In base 12, what is 0 + b60?
b60
In base 6, what is 3 + 135?
142
In base 12, what is 11 - ba?
-a9
In base 9, what is -4 - -282?
277
In base 7, what is -2 - 404?
-406
In base 5, what is 2 + 423?
430
In base 10, what is 834 - -6?
840
In base 15, what is 1 - -1a?
1b
In base 16, what is 4f + 6?
55
In base 14, what is -4 - -40?
3a
In base 7, what is 35 - -11?
46
In base 13, what is -25a + 2?
-258
In base 4, what is 120 + -2?
112
In base 14, what is -2 + c?
a
In base 5, what is -114 - 4?
-123
In base 11, what is -81 + 4?
-78
In base 9, what is -56 - -141?
74
In base 13, what is -139 - 1?
-13a
In base 16, what is 3e0 + 5?
3e5
In base 10, what is -3 + -30?
-33
In base 8, what is 0 - 7540?
-7540
In base 4, what is 21 + 100?
121
In base 12, what is 81 + 3b?
100
In base 16, what is 1f + 5f?
7e
In base 2, what is 101 + -1111?
-1010
In base 2, what is 100 - -101010?
101110
In base 14, what is -11 + -5?
-16
In base 2, what is 1 - 11000011?
-11000010
In base 12, what is -7 + -b?
-16
In base 4, what is -132 + 113?
-13
In base 7, what is -12 + -30?
-42
In base 8, what is 533 + -35?
476
In base 14, what is 5 + 70?
75
In base 7, what is 3 + -30?
-24
In base 10, what is 63 + -22?
41
In base 7, what is 1 + -153?
-152
In base 12, what is a78 - -5?
a81
In base 13, what is ac + 0?
ac
In base 10, what is -10 + -2?
-12
In base 16, what is -139 + 10?
-129
In base 4, what is -3 - 13122?
-13131
In base 5, what is 12 - 1204?
-1142
In base 13, what is -340 - -2?
-33b
In base 8, what is -1041 - -1?
-1040
In base 13, what is 3 + 7c?
82
In base 8, what is -25443 + 2?
-25441
In base 13, what is -51 - -13?
-3b
In base 15, what is 3e2 - -1?
3e3
In base 3, what is 0 - 2101?
-2101
In base 6, what is -54 + -1124?
-1222
In base 12, what is -105 + -12?
-117
In base 15, what is -23 + 5?
-1d
In base 4, what is 20 - 12132?
-12112
In base 10, what is 1268 + 21?
1289
In base 12, what is 32 - 9?
25
In base 14, what is -227 - -2?
-225
In base 13, what is -10 + -8a?
-9a
In base 10, what is 5 + 110?
115
In base 6, what is -3 - -1000?
553
In base 6, what 